120 - 5*z**4/24 + 5*z**3/6 - 12*z**2. Let j(s) be the first derivative of c(s). Is j(8) prime?
False
Suppose 19*f + 18 = 25*f. Suppose x - f*n - 963 = -2*x, -5*n + 297 = x. Is x a composite number?
False
Let o(g) = 136*g - 913. Let b be o(-25). Let m(p) = 1015*p + 2. Let y be m(6). Let l = y + b. Is l a prime number?
False
Let r(i) = 2*i**3 + 10*i**2 + 87*i - 61. Is r(40) composite?
False
Suppose -135*a + 11156273 = 60*a + 38*a. Is a composite?
False
Let r = -1484 - -3947. Let m(j) = -j**3 + j**2 - j. Let g be m(1). Is g*(20/5 - r) prime?
True
Suppose 0 = 4*v + 3*x - 36297, 5*x = 5*v - 58666 + 13251. Is v + 36/6 - (-20)/(-4) a prime number?
False
Suppose -5*u + 127 = -2*x + 9388, 4*u = -20. Suppose 45 = -5*k - 5*f, k = 6*k - 4*f + 36. Is (-2)/k*2*x a composite number?
False
Let g = 78 + -70. Suppose -g*i - 3262 = 4626. Let o = -39 - i. Is o prime?
True
Let k(y) = -39*y**2 - 37*y - 8. Let b(i) = 2*i**2 + i + 2. Let p(o) = -5*b(o) - k(o). Is p(3) a prime number?
False
Suppose 113*h + 1339140 = 31*h + 9790634. Is h prime?
True
Suppose n = -2*n. Let w(a) = a**2 - 68*a - 309. Let l be w(-42). Suppose 10*u - u - l = n. Is u a composite number?
False
Let b(q) = -4*q**3 + 19*q**2 + 6. Let l(f) = 5*f**3 - 17*f**2 - 7. Let m(p) = -4*b(p) - 3*l(p). Is m(26) a prime number?
True
Let o = -33 + 27. Let j be o*1*(-4)/24. Is j*951/(-6)*-2 composite?
False
Let q(r) = r - 3. Let d be 440/60 + (-4)/3. Let j be q(d). Is 0/((-3)/j) - (-291 + -8) a composite number?
True
Suppose -3*l - 3*v = -v - 2609, -5*l + 3*v + 4323 = 0. Let k = l + 124. Is k a composite number?
False
Let v(c) = 23*c**2 + 835*c + 89. Is v(-62) a composite number?
True
Suppose 0 = 18*t - 2*t. Let z(o) = -15 + t - 1 - 447*o + 308*o. Is z(-6) composite?
True
Suppose -5*x + 3*n = -123 - 48, 2*n = 2*x - 70. Let d = x + -30. Suppose d*f = -4*i + 7*f + 1876, -3*i + f = -1401. Is i composite?
True
Let g(a) = 8*a**2 + 35*a - 38. Let n be g(-26). Suppose -894 = -r + l, -5*r + 4*l = l - n. Is r a composite number?
True
Suppose 7*w - 3*w - 3*p = -152782, -190972 = 5*w - p. Let x = -23573 - w. Is x prime?
True
Let c = -79 - -83. Suppose 15*u = c*u + 18623. Is u a prime number?
True
Let k = 79 + -54. Let j be 3 - (2 + k/(-5)). Let o(f) = 26*f**2 + 4*f - 17. Is o(j) a prime number?
False
Let d = -59943 - -89972. Is d a prime number?
True
Let h = 24 + -19. Suppose 0 = h*g - 5*v - 40, 2*v - 5*v = 12. Is 2/4*g*(-446)/(-4) a prime number?
True
Suppose -14*u - 339938 = 11*u - 1410463. Is u composite?
False
Let n = -17036 + 9544. Let q = n + 17019. Is q composite?
True
Let l = -28636 - -54091. Suppose -3*r = -0*r + l. Let g = -1292 - r. Is g a prime number?
True
Suppose -270799 = -3*m + m + i, -4*m + 541597 = -3*i. Suppose 22076 = 12*f - m. Is f a prime number?
False
Let c = 200628 - 7661. Is c composite?
True
Suppose -40*q = -2113710 - 17957164 + 411554. Is q prime?
True
Let q be (-10)/6*(-9 + 6). Suppose -2*a = -3*m + 5969, 2*m - 3*m + 5*a = -1994. Suppose -18 + 3 = 3*c, -q*c - m = -4*f. Is f prime?
True
Suppose -548*m - 12663868 = -49620440. Is m prime?
False
Let u be 35/14 - (-2 + (-5)/(-2)). Suppose 0 = -4*j + u*j + 3822. Let p = j - -28. Is p prime?
False
Let v = 419 - 403. Suppose 0 = v*s - 25*s + 16263. Is s prime?
False
Suppose -19326 = -67*j + 64*j. Let v = -3995 + j. Is v a composite number?
False
Let f be 1111/(-2)*(-1 + 0)*-2. Suppose 7790 = -3*v - 2*v. Let y = f - v. Is y composite?
True
Let i be 46/4*1*(-10)/(-5). Let w = -20 + i. Suppose -2*o + 19011 = w*v - 3*o, 5*o - 19011 = -3*v. Is v a composite number?
False
Let f be (-10)/4*(-36)/15. Is 34/(-51) - (-4222)/f a composite number?
True
Let w be (-2)/((3/(-3))/8). Suppose -w - 4 = -4*p. Suppose -p*y - 4820 = -9*y. Is y a prime number?
False
Let v(o) = 2*o + 0*o**2 + o**2 - 4*o**3 + 3*o**3 + 797. Let n(q) = q**3 - 5*q**2 - 6*q + 30. Let x be n(5). Is v(x) a prime number?
True
Let d(z) = 275*z**2 - 9*z - 7*z - 4 + 774*z**2 - 23. Is d(-2) prime?
True
Suppose 0 = -10*v - 6*v + 928. Let f = v - 56. Let k(g) = 106*g**2 - 2*g - 1. Is k(f) a composite number?
False
Let s = -354 + 350. Is ((-1)/s*-1851)/((-18)/168) a composite number?
True
Let t(y) be the second derivative of 3*y**5/10 - y**4/6 - 5*y**3/3 + 13*y**2/2 + 90*y. Is t(12) a prime number?
True
Suppose 74*x - 4048911 = -55945. Is x prime?
True
Suppose 52*r - 51*r + 4*q - 368113 = 0, r - 368113 = -q. Is r a composite number?
True
Let l be (-5)/15*-21*1. Suppose q + l*q = 12952. Suppose -q = 5*b - 5154. Is b prime?
False
Suppose 3*b - 4*n - 21 = -2*b, n + 2 = -2*b. Is (12 - 13)/(b/(-2489)) composite?
True
Let v = 66578 - -20235. Is v a composite number?
False
Let y(l) = 2065*l**2 + 207*l - 27. Is y(-14) composite?
True
Let y = 893003 + -516982. Is y a prime number?
True
Let u(y) = -2*y**2 - 34*y + 5. Let h be u(-17). Suppose 3*x = h*f - 21638, 18*f - 22*f - 3*x = -17305. Is f a composite number?
False
Let p be 11 + -5 - (-2 + 4). Suppose 3*n - 10182 = -2*r + 2547, -p*n = -4*r - 16972. Let b = n + -2586. Is b prime?
True
Let o be (-1074)/(-9)*(-165)/(-10). Let p = o - -1634. Is p composite?
True
Is 564683/6 + (23 - (-2055)/(-90)) a composite number?
True
Let z = -56915 - -83910. Is z composite?
True
Suppose 6*v + g = v + 25, -5*v = 5*g - 45. Suppose 5*f + 0*f - v*r = 469, -3*f + 2*r + 283 = 0. Is f prime?
True
Suppose -2*d + 273 = -5*d + 3*l, 5*d + 2*l = -448. Let g = d - -30. Let b = g + 751. Is b a composite number?
False
Let i be (-3 - (-8382)/(-55))/((-2)/(-10)). Let u = i + 1574. Is u a composite number?
False
Is ((-3 + 56/16)*-1)/1*-416278 composite?
False
Suppose -299320 = -2*d + 6*r, 5*r + 55251 = -2*d + 354494. Is d a composite number?
True
Suppose 16 = 4*s, 5*s + 0*s = -3*j - 34. Is 9378/j*(0 + -1) composite?
False
Let r = -1905 - -18658. Suppose -r = -17*k + 33108. Is k a prime number?
False
Suppose -790*j = -784*j - 149466. Is j a prime number?
False
Suppose -63*l + 8317330 = -98*l + 105*l. Is l a composite number?
False
Let y(d) = -d**2 + 5*d. Let v be y(1). Suppose 0 = 2*z + 10 - v, -3*z = 3*s - 6276. Is s a composite number?
True
Suppose -6*y - 38*y + 990390 = -29*y. Is y prime?
False
Let d = -19 + 18. Let c be d*(-2)/4*-8. Is 293*(2 - (c - -1)) a prime number?
False
Let w be -9 + 3 - -3 - -6. Let c(x) = 5 + x**w + 7*x + 5 + 26*x**2 - x - 2*x. Is c(-11) prime?
False
Let c = 32 + -39. Let u(z) = -z - 14. Let b be u(c). Is 6/21 + (-11849)/b a composite number?
False
Suppose -3*a + 5*q = 2, 4*q - 1 = 3*a - 0*q. Suppose -3*l = 4*x - 15, -5*l = -a - 4. Is ((-1)/(-2))/((-47692)/(-15896) - x) a prime number?
True
Let q(t) = -3*t**3 + t**2 - 3*t - 19. Suppose -d = 2*z - 13, 9*d = 5*z + 6*d - 27. Let y be q(z). Let s = y - -1800. Is s composite?
False
Let v(s) be the second derivative of -4/3*s**3 - 5/12*s**4 - 9/2*s**2 - 1/2*s**5 + 18*s + 0. Is v(-4) a composite number?
True
Let w = 137103 + -23672. Is w a composite number?
True
Is ((-13)/(195/(-6)))/(-3*2/(-1574205)) a composite number?
False
Suppose 2*v - 51 = -11. Let i = v - 15. Suppose 4*n + 2*x - 285 = 1229, -2*n - i*x + 737 = 0. Is n composite?
True
Is (2 - 0/3) + 29461 + 1 + 9 composite?
False
Suppose 0 = 14*l - 609219 - 247147. Is l a prime number?
True
Let j(a) = 3*a + 85. Let i be j(-26). Suppose -i*k + 6724 = -6331. Is k a composite number?
True
Suppose -3*m - 90*d + 143811 = -87*d, d - 191754 = -4*m. Is m a composite number?
False
Suppose -5*n + 2*r - 72438 + 533291 = 0, -4*n - 2*r + 368704 = 0. Is n a composite number?
False
Suppose 14*s = 15*s - 14. Let n = 50 - s. Is 12046/(-36)*-2 + n/(-162) a prime number?
False
Suppose 3*q - 517361 = 4*m, -517349 = -3*q - 81*m + 79*m. Is q composite?
True
Let b = 395 - 373. Suppose -7677 - 4225 = -b*m. Is m a prime number?
True
Let r(x) = x**3 + 3*x**2 - 12*x + 15. Let d be r(5). Suppose 148*u - d*u = -20671. Is u a prime number?
True
Suppose 72*k = -2422463 + 17708423. Is k prime?
False
Suppose -5*v = -5*i - 751024 + 253439, -2*i = -8. Is v a prime number?
False
Let p = -201686 - -454959. Is p composite?
False
Let y be (-2 + (-22)/(-3))/((-4)/(-6)). Suppose -y*h + 3*h = -615. Suppose -265 = -2*t + h. Is t prime?
False
Suppose -4*s + 6*s = -4*p + 205514, -4*s + 411028 = 3*p. Is s composite?
True
Let w be (2792/(-6))/(88/(-24) + 4). Let h = 115 - w. Is h composite?
False
Suppose -3*q - 3